(h) + 48*w(h). Determine v(8).
-12
Let q(l) = -l**3 - 10*l**2 - l - 6. Suppose 12*x - 87 = -207. Calculate q(x).
4
Suppose 4*v + 3*q = -7, -4*v + 2*q + 3*q = -33. Let g(y) = -32 + 31 + 8*y**3 - 2*y**3 - 5*y**3 - 3*y**v - y - 4*y**3. Determine g(-2).
13
Let t = 255 + -241. Suppose 57*h + 344 = t*h. Let w(o) = 2*o + 3. Calculate w(h).
-13
Let y(i) = 7*i**2 + 54*i - 11. Let w(n) = -9*n + 2. Let x(j) = 6*w(j) + y(j). Suppose 2*c = 5*g - 3, 0 = 4*g + 3*c - 4 - 3. What is x(g)?
8
Let x(p) = p**3 - p**2 - p + 6. Let i(v) = -10*v**3 - 3*v**2 + 5*v - 3. Let s be i(2). Let t = -79 - s. Suppose 0 = -2*b + 4*b - t*b. Give x(b).
6
Let a(l) be the third derivative of -5*l**4/24 - 9*l**3/2 + 410*l**2. Calculate a(-10).
23
Let l(y) = -14*y + 39. Let r(i) = -i - 18. Let t(u) = l(u) + 2*r(u). Calculate t(1).
-13
Let p be (-9 + 21 + -9)*(-2 - -22). Let r(z) = 2*z + p - 64 + 5*z**2 - 4*z**3 + 5*z**3. What is r(-4)?
4
Suppose -43 + 41 = -9*a + 52. Let i(o) be the first derivative of -3*o**2/2 + 6*o - 6. What is i(a)?
-12
Let d(p) = p**2 + 18*p - 22. Let o be d(-20). Suppose 68 = 10*g + o. Let b(n) = -n - 3. Give b(g).
-8
Let t be 18/5 + -4 - 546/(-390). Let h(x) = -66*x + 2. Give h(t).
-64
Let v(g) = -17*g. Let c(f) = 3*f + 59. Let b be c(-18). Suppose -25*d + b = -20*d. Give v(d).
-17
Suppose 0 = 7*y - 5 - 23. Let f(m) = -6*m + 21*m - 5*m**2 + y*m**2 - m**2. Calculate f(7).
7
Let r = -183 + 173. Let p(t) = -8*t - 4. Let a(o) = 9*o + 2. Let q(z) = 5*a(z) + 6*p(z). What is q(r)?
16
Suppose 7 + 0 = -5*w - o, 0 = o + 2. Let z(v) = 2*v + 8*v**3 + 14*v**3 - 20*v**3 + 9*v**3 + 1. Calculate z(w).
-12
Let w = 217 + -125. Let z be w/28 - (0 - (-2)/7). Suppose -3*d + 2*o - 1 = 0, -z*d = 2*d + 5*o + 10. Let t(x) = -5*x**3 + x. What is t(d)?
4
Let d(g) = 50708*g + 8*g**2 - 25355*g + 2 - 25355*g. Let h(y) = 2*y - 3. Let n be h(2). Give d(n).
8
Let f(x) = 6*x - 9. Let k(p) = 4*p - 7. Let c(n) = -2*f(n) + 5*k(n). What is c(4)?
15
Let d(v) = v**3 - v**2 - 10*v + 1. Let h(o) = -o**3 + 3*o**2 + 20*o - 3. Let n(q) = 2*d(q) + h(q). Let x = -3 - -3. Give n(x).
-1
Let c(f) = 3*f - 47. Suppose -19*o = -24*o + 80. Let l be c(o). Let a(h) = h. Let y(r) = 15*r**3 - r**2 + 3*r - 1. Let i(z) = -2*a(z) + y(z). What is i(l)?
14
Let s be 14/(-70) + (-22)/(-10). Let z(j) be the first derivative of -1/4*j**4 + 1/2*j**2 - 6 + 2/3*j**3 - 2*j. Calculate z(s).
0
Let r(z) be the third derivative of -z**5/60 - 7*z**4/24 + 2*z**3 + 1311*z**2 + 2*z. Let x = -19 - -10. What is r(x)?
-6
Let f(l) = 3 - 2*l + l**3 + 5*l + 4*l**2 - 2. Let z = -98475 + 98471. What is f(z)?
-11
Let n(r) = 6*r + 61. Let o be (10 - 9)*(-34 + 20). Give n(o).
-23
Let h(i) = i**2 - 3 - 2*i**2 + 8403*i - 8407*i. Let l(z) = z**2 + 6*z + 8. Let p be l(-4). Suppose 6*u + 30 = -p*u. Give h(u).
-8
Let j(b) = -2*b - 12. Let x = -54 + 57. Suppose -z + 22 = -x*d, 0 = -4*d + 5*z - 7 - 4. Let c be -6*((-60)/d)/5. What is j(c)?
4
Let i(d) = d**3 + 25*d**2 - 49*d - 603. Let s be i(-26). Let h(k) = k**3 + 9*k**2 + 10*k - 4. Give h(s).
46
Let z be (-3*1)/(6/(-4)). Let o(m) = 12*m - 25. Let b(u) = -u - 4. Let l(i) = 5*b(i) - o(i). Let a(n) = -13*n + 4. Let d(g) = 4*a(g) - 3*l(g). Calculate d(z).
-1
Let f be (-6)/((9/2)/(3/(-1))). Let m(d) = -3*d + 0*d - 6*d - 2*d - 6 + 12*d. Give m(f).
-2
Let v = 303 + -301. Let a(m) = -3*m + 54 - 5*m**3 - m**v + 51 + 57 - 164. Calculate a(-1).
5
Let a(d) = 61*d**3 - 3*d**2 - 29*d + 27. Let t(g) = 28*g**3 - 2*g**2 - 14*g + 13. Let z(j) = 6*a(j) - 13*t(j). What is z(-4)?
-39
Let w(h) = 14*h**2 - h + 3. Let s(z) = 15*z**2 - 23*z + 47. Let q(n) = -s(n) + w(n). Calculate q(20).
-4
Let u(i) = i**2 + 6*i + 5. Let a(q) = -88*q + 1579. Let n be a(18). Determine u(n).
0
Let u(w) = -6*w + 6. Let r(i) be the second derivative of -1/6*i**3 + 0 - i + 1/2*i**2. Let o(m) = 11*r(m) - 2*u(m). Give o(-6).
-7
Let o(h) = -5*h + 16. Let b be (-10 - -11)/(-3 + (-110)/(-35)). Determine o(b).
-19
Let m(t) be the first derivative of t**4/4 - t**3 - 2*t**2 + 3*t - 4713. Determine m(4).
3
Let h(w) = 5*w**3 + w**2 + w - 1. Let v be (-3 - -25)/2 + -1. Suppose -4*z = 4*y - 40, z + z + v = 4*y. Suppose 7*p = z*p + 2. What is h(p)?
6
Let g(s) = -s**3 + 44*s**2 + 12*s - 6. Let n(z) = 2*z**3 - 132*z**2 - 32*z + 15. Let a(t) = -8*g(t) - 3*n(t). Calculate a(-22).
3
Let n(u) = -2*u + 51. Suppose -s = -2*p + 58, 0 = -32*p + 36*p + 5*s - 102. What is n(p)?
-5
Suppose -11 = 67*s - 69*s + 1. Let u(t) = t**2 - 5*t - 8. What is u(s)?
-2
Let x(o) = -o**3 - 12*o**2 - 9*o + 15. Let m be x(-11). Let d be ((-33)/(-11))/((-3)/(-7)). Let c(z) = -3*z**3 + 4*z**3 + 0 + d*z**2 + 2*z - 2. Calculate c(m).
-16
Let l(k) = -k**3 - 4*k**2 - 4*k. Suppose 5*d = -0*n - n + 24, -40 = -5*n - 5*d. Let p = n - 7. Give l(p).
3
Let z be (1/3)/(-3*3/(-135)). Let w(a) = z*a**2 + 0*a - 11 - 4*a**2 + 8 + 4*a. Let k = -1 - 3. Give w(k).
-3
Let y = 164 + 25. Let c(s) = y*s + 7 + 193*s - 380*s. What is c(0)?
7
Let a(j) = 2*j**2 + 16*j + 29. Let s(c) = -c**3 + 20*c**2 + 93*c + 66. Let h be s(24). Give a(h).
5
Let i be -61 + 12/(-3) + -1. Let g = i - -81. Let n(t) = -18*t + 7*t - g + 18 + 6*t. Calculate n(4).
-17
Suppose -5*i - 3*c = 18, -3*i - 49*c = -47*c + 12. Let l(k) be the third derivative of i*k + 1/24*k**4 - 1/6*k**3 + 13/60*k**5 + 0 - 3*k**2. What is l(1)?
13
Let x be -1 + -6 - 81/((-540)/(-20)). Let n(i) = i**3 + 10*i**2 + 2*i + 17. Determine n(x).
-3
Let m(c) = c**2 + 5*c - 4. Suppose 5*n = -4*n + 135. Let s be (-50)/6 + 6/(-9). Let r be n*(1 - 2 - s/15). Calculate m(r).
2
Let s(h) = 2*h**2 + 2*h - 7. Let o be (142/3 + -1)/((-9)/(-81)). Let n = o - 421. Determine s(n).
17
Let a(k) = k**3 + 3*k**2 - 4*k - 3. Let l(t) = -67*t + 18. Let w be l(-2). Let n = 149 - w. Calculate a(n).
9
Let h(j) = 2*j**3 - 10*j**2 + 3*j - 9. Let z be h(5). Let d be 6*((-16)/z - (-15 - -13)). Let y(n) = 3*n + 3. Determine y(d).
-9
Let h(j) = j**2 - 8*j + 3. Let b(i) = -i**2 - 8*i - 3. Let n be b(-8). Let w be (n + 2)/((-1)/9). Let c be (0 - (-6)/w)*(9 - 0). Determine h(c).
-9
Let f be (-23)/6 - (-360)/90. Let a(h) be the second derivative of 0 - 1/2*h**2 + 0*h**3 - 1/10*h**5 - f*h**4 + 4*h. Give a(-2).
7
Let p = 17 - 15. Let k be (-2 + p - 0)/(4 - 3). Let j(a) = 2*a**2 + a**2 + 22 + a + 3*a**2 - 5*a**2 - 2*a**2. Calculate j(k).
22
Let b(h) = h**3 + 2*h**2 + 3*h + 1. Let j(g) = -g**2 - g - 1. Let q be j(-5). Let x be (-2)/6 - 175/q. Suppose 25 - 9 = -x*p. Give b(p).
-5
Let z(j) = j - 1. Let q(p) be the first derivative of 7*p**2/2 - 12*p - 1. Let s(k) = q(k) - 6*z(k). Let x be ((-6)/4)/((-12)/16) + 3. Determine s(x).
-1
Let t(b) = -7832 - 2*b + 2*b**2 - 3*b**2 + 2*b**2 + 7818. Let x be t(-5). Let l(m) = 10 + m - x + 15. Give l(-7).
-3
Let p be ((-6)/(-8))/(-1)*16/(-24). Let d(o) be the first derivative of 4*o + 1/3*o**3 + p*o**2 - 9 + 1/4*o**4. Calculate d(0).
4
Suppose -3*u = 3, -3*u = 5*w + 1 - 8. Let h(q) = q**3 - 4*q**2 + 4*q - 1. Let d be h(3). Let v(b) = -w*b + 5 - 2*b + b + 0*b - d*b**2. Calculate v(-4).
-15
Suppose 21*j - 45 = 19*j - 5*n, 4*j - 7*n = -29. Let o(m) = -m**3 - 2*m**2 + 5*m + 12. Give o(j).
-138
Suppose -3*x + 3*t + 193 = -2, 3*x - 197 = 4*t. Suppose -17*f - x = -12. Let k(v) = v - 2. Give k(f).
-5
Let z(u) = u - 5. Let r(t) = 6*t**3 - 14*t**2 + 16*t - 8. Let i(s) = -s**3 + s**2. Let w(n) = 5*i(n) + r(n). Let v be w(7). What is z(v)?
1
Let v(o) = -o**3 - 3*o**2 + 3*o - 1. Let n be v(-4). Let a(j) = 443*j + 17. Let u(s) = 177*s + 8. Let l(y) = 2*a(y) - 5*u(y). Give l(n).
-3
Let h(c) = 2*c**2 - 14*c + 9. Let y(x) = x**3 - 3*x**2 - 11*x + 9. Let u be y(0). Determine h(u).
45
Let g(q) be the second derivative of 1/6*q**4 - 1/120*q**6 + 7/6*q**3 + 0 - 4*q + 1/12*q**5 + 7/2*q**2. Let m(w) be the first derivative of g(w). Give m(6).
-5
Let n = -6361 + 6354. Let b(p) = p**2 - 2*p. Determine b(n).
63
Let d(n) = 14883262 + 0*n - 14883258 - n. Give d(15).
-11
Let d(n) = -18*n. Let h(v) = 37*v + 5. Let f(y) = -43*y - 6. Let o(m) = -4*f(m) - 5*h(m). Let a(r) = -3*d(r) + 4*o(r). Let t = -15 + 21. What is a(t)?
8
Let r(w) = -21*w - 3. Let u(y) = 20*y + 1. Let q(v) = 22*v + 1. Let i(m) = 6*q(m) - 7*u(m). Let o(c) = -11*i(c) + 4*r(c). Determine o(-4).
-17
Let y = 339 + -337. Let c(a) = -2 - 7 - y*a + 3 - 9. Give c(-10).
5
Let i(d) = -288*d**2 + 104*d. Let c(p) = -32*p**2 + 12*p. Let u(o) = -52*c(